44 = 3*p - 0*p, 4*w = 5*p + 132. What is the tens digit of w?
2
Let m be (-18)/(-4) - 2/(-4). Suppose -m*q - 12 = -77. What is the units digit of (-148)/(-52) + 2/q?
3
Let x = 253 - 164. What is the units digit of x?
9
Suppose -89 = -2*f - 5*r + 16, -150 = -3*f - 5*r. What is the tens digit of f?
4
Let v = 24 + 64. What is the units digit of v?
8
Let q be 1/4 + (-12)/(-16). Let i(b) = 17*b. What is the tens digit of i(q)?
1
What is the tens digit of (-1 + 68/(-6))*-3?
3
Suppose -4*c + 4*t + 108 = 0, c + 3*t - 25 = -10. What is the tens digit of c?
2
Suppose 0 = -k - 4*k - 100. What is the units digit of (-62)/(-8) - (-15)/k?
7
Suppose -4*z + 12 = 0, 0 = -10*d + 5*d - 4*z + 232. What is the tens digit of d?
4
Let y(u) be the second derivative of u**5/20 + 7*u**4/12 - u**3/6 + 7*u**2/2 - 5*u. Let v(h) = 8*h + 1. Let q be v(-1). What is the units digit of y(q)?
4
Suppose 3*b + x + 35 = 0, 4*b + 5*x + 25 = -18. Let n = 31 + b. What is the units digit of n?
9
Suppose -57 = -b + 51. What is the tens digit of b?
0
What is the tens digit of (-3)/(5/((-1850)/15))?
7
Suppose -13*j - 99 = -16*j. What is the tens digit of j?
3
Suppose 2*f + 4*d = 7*f + 13, f = 4*d - 9. Let v be 2 + (f - -4) + -1. Suppose 42 = v*x + 2. What is the tens digit of x?
1
Let i = 60 + -49. What is the tens digit of i?
1
Suppose 5*d = 3*d - 184. What is the tens digit of (d/(-12))/(2/6)?
2
Let n(i) be the first derivative of -5*i - 5/2*i**2 + 1/3*i**3 + 1. What is the units digit of n(7)?
9
Let l be 25/20 - 1/4. Let w = 0 + l. What is the units digit of w?
1
Suppose -5*g + 2*u = 18, -5*u = -5*g - u - 26. What is the units digit of (0 - 1) + (g - -13)?
0
Let i be (-3)/9 + (-48)/(-9). Let m(x) = 3*x**2 + 3. Let c be m(3). Suppose 10 = -i*q + c. What is the units digit of q?
4
Suppose -22 = 2*j - 2*g, j - 3*g + 0 + 19 = 0. Let w = j - -17. What is the tens digit of w?
1
Let y(p) = p**3 - p - 3. What is the tens digit of y(3)?
2
Suppose 2*y + 4*s - 243 = s, 5*y - 614 = -s. What is the units digit of y?
3
Suppose q = 2*c + 6*q - 20, 0 = 5*c + 2*q - 71. What is the tens digit of c?
1
Suppose -4*c - c = -15. Suppose 3*z + 7 = -2*k, 2*z - 3*z = c*k + 7. What is the units digit of (k/(-4))/((-1)/(-26))?
3
Suppose 5 = -2*j + 97. Suppose 11*v - 13*v = -j. What is the tens digit of v?
2
Suppose 3*z - f = 8*z + 64, 3*z - f + 32 = 0. Let o = -11 + 30. Let h = o + z. What is the units digit of h?
7
Suppose 2*k + 2 = y - 0, 2 = 4*y - 5*k. Let l = 4 + -4. What is the units digit of l/(-4) - y/1?
2
Suppose 0 = v + l - 5, l + 7 = 2*v - 3. Suppose 4*o + 4*g = 2 + 10, -o = v*g + 13. What is the units digit of o?
7
What is the tens digit of 32/(-10)*-7*20/8?
5
Let f(r) = -r**2 + 3*r + 4. Let j be f(6). Let b = 2 - j. What is the tens digit of b?
1
Let y(g) = g**3 + 5*g**2 + 3*g - 4. Let i be y(-3). Suppose -53 = -3*m + 5*c + 8, -i*m = 5*c - 35. What is the tens digit of m?
1
Let x be 36 + 3 + 2 + -4. Suppose 4*b - 111 = x. What is the tens digit of b?
3
Suppose 4*s - 5*r = 41, -2*r - 5 = 5*s + 3*r. Suppose s = -0*l + l. What is the units digit of l?
4
Let s = 628 - 293. What is the hundreds digit of s?
3
Let y be ((-15)/10)/((-1)/(-2)). What is the tens digit of (-2 + y - -2) + 14?
1
Let a = 65 - 15. What is the units digit of a?
0
Let w = -17 + -14. Let n = -21 - w. What is the units digit of n?
0
Let w(d) = d**3 - 8*d**2 + 7*d - 19. What is the units digit of w(8)?
7
What is the units digit of 0 - 1/1 - -34?
3
Let b(t) = -t**3 + 20*t**2 - 34*t - 29. What is the units digit of b(17)?
0
Let k(z) = z**2 - 13*z - 4. Let i be k(13). Let f(c) be the first derivative of c**4/4 + 5*c**3/3 + 3*c**2/2 - 1. What is the units digit of f(i)?
4
Let c(t) = t - 1. Let s be c(5). Let d = 0 + s. Suppose 18 + d = 2*x. What is the units digit of x?
1
Let t = 13 - -46. What is the units digit of t?
9
Let d(u) = 2*u**2 + 9*u - 3. What is the tens digit of d(-7)?
3
Let c(k) = -2*k - 3. Let j be c(3). Let g = j + 23. Suppose 4*f - 14 = g. What is the units digit of f?
7
Let w(z) = -4*z + z + z - 6. Let n be w(-4). Suppose 2*i = 12 - n. What is the units digit of i?
5
Let b(i) = 2*i**2 + 2*i + 1. Let p be b(-1). What is the units digit of -4*(p + -2) - -40?
4
Let n be 0 + -2 + 10 + -1. Let c = 22 - n. What is the units digit of c?
5
Let m be ((-5)/4)/(7/(-56)). Suppose f + 2 - m = 0. What is the units digit of f?
8
Suppose 3*j - 178 = -4*n, 2*j - j - 5*n = 72. Suppose j = 5*g + 7. What is the units digit of g?
1
Let b(m) = m + 24. Let g(w) = 3*w + 71. Let c(i) = -11*b(i) + 4*g(i). What is the units digit of c(-8)?
2
Let y(d) = 3*d - 3 + d**3 + 5*d**2 + d**2 + d. Let i be y(-4). Suppose 3*r + i - 5 = 4*h, -r - 21 = -5*h. What is the units digit of r?
4
Let t = 75 - 40. Suppose 0 = 2*m - 5*a + t, 22 = -3*m + 2*a - 14. What is the units digit of 4/2*m/(-4)?
5
Let j(x) = -x**3 + 8*x**2 - 8*x + 9. Let v be j(7). Suppose -9 = -v*q + q. What is the units digit of q?
9
Let x(q) = 3*q + 6. Let l be x(-4). Let y be l/9 - 1/3. What is the units digit of 7/3 - y/(-3)?
2
Let b = 174 + 254. What is the tens digit of b?
2
Let w(p) = p**2 - 4*p + 7. Let g be w(5). Suppose 4*d - 2*d - g = -v, -3*v + 21 = 3*d. Suppose -h - 7 = -3*k, -3*h - 6 = -d*k + 3. What is the units digit of h?
2
Suppose -17 = 3*b + 1. Let f(v) = -v**2 - 7*v + 2. What is the units digit of f(b)?
8
Let p be (-2)/(-12)*-2*-12. Suppose -i + 4*i + x = 11, -2*x + p = 0. What is the units digit of i?
3
Let a be (-3)/(-3*3/(-42)). Let z = a + 23. What is the units digit of z?
9
Let z(t) = 27*t**3 - 4*t**2 + 9*t - 7. Let m(a) = -14*a**3 + 2*a**2 - 5*a + 4. Let o(l) = 11*m(l) + 6*z(l). What is the units digit of o(2)?
6
Let d be 318/(-5) + 12/(-30). Let i = d + 92. Let w = 40 - i. What is the tens digit of w?
1
Suppose 0 = -2*h - 4 + 10. What is the units digit of 2*h/12*62?
1
Let x(j) be the third derivative of j**6/120 - 2*j**5/15 - 3*j**4/8 + 5*j**3/6 - j**2. Let s be x(9). Suppose -s*v + 15 = -0*v. What is the units digit of v?
3
Let r = 321 - 185. What is the units digit of r?
6
Let m = 77 + -44. Let c = -12 + m. What is the units digit of c?
1
Let b(q) = 11*q - 2. Let z(c) = -5*c + 1. Let f(s) = 3*b(s) + 7*z(s). Let l be f(-5). Suppose 2*y = y + l. What is the tens digit of y?
1
Let z = 10 - 19. Let w = 17 + z. What is the units digit of w?
8
Let x(o) = -o**2 - 6*o - 6. Let g be (12/(-3) - 0) + -2. Let s be x(g). What is the units digit of s/(1/(-2)*2)?
6
Let z = 1 - -7. Let a(p) = 2*p - 9. What is the units digit of a(z)?
7
Let t(b) = 6*b**2 + b + 2. What is the tens digit of t(2)?
2
Let z = 106 + -62. What is the tens digit of z?
4
Suppose 43 = 2*k + 3*a + 10, 0 = 2*k + 4*a - 38. What is the units digit of k?
9
Let a be 54/(-10) - 6/(-15). Let p be (-101)/a + 1/(-5). Suppose -2*v - 8 = -p. What is the units digit of v?
6
Let k(q) = 5*q - 1. What is the units digit of k(5)?
4
Let m(o) = -o**3 - 4*o**2 - 4*o - 3. Suppose -3*k = -5*k - 6. Let q be m(k). Suppose q = -2*f - 5*i + 30, 5*i - 30 = -5*f + 15. What is the units digit of f?
5
Let b be 8/28 + (-40)/(-7). Let j be 3*b/(-8)*4. What is the units digit of j/(-15)*(4 + 1)?
3
Suppose 0 = -3*k + 4*k. Let i(v) = -13*v + 7*v - v**2 + 4 + 5*v. What is the units digit of i(k)?
4
Let m be (-2)/(-1) - (3 - 1). Suppose m*p + 4 = p. Suppose 0 = p*h - 6 - 2. What is the units digit of h?
2
What is the tens digit of 8/(-4)*18*(-9)/12?
2
Suppose 0 = -3*h - 4*l + 2, 5 - 1 = 4*h + 4*l. Let t be 2 - ((-3 - 0) + h). Suppose 0 = -2*o + 3*z + 8 + 10, t*o - 27 = 3*z. What is the units digit of o?
9
Suppose -y + 6 = 1. Suppose -4*p = 4*h - 76, -h + y*p - 26 = -3*h. What is the tens digit of h?
2
Let g(r) = -r**3 - 3*r**2 + 19*r + 9. What is the hundreds digit of g(-8)?
1
Let o(c) = c + 5. Let d be o(-3). Suppose -14 = -5*y + d*y - 5*r, -2*y + 21 = r. What is the units digit of y?
3
Suppose 51 = s + 7. Suppose -4*y + s = 12. Suppose -4*i + 2*i = -4*b - y, 0 = 5*i - 5*b - 35. What is the tens digit of i?
1
Let f(v) = -v + 1. Let z be f(-2). Suppose p = 4*u - 2*u + 8, 4*u - 14 = -z*p. What is the units digit of p?
6
Let v be (-7)/3*(2 - 5). Suppose 3*f - v + 28 = 0. Let o(q) = q**3 + 8*q**2 + 4*q - 10. What is the units digit of o(f)?
1
Let m(i) = -i**2 + 2. Let h be m(0). Suppose -r - 2*n = 2*r - 55, -h*n - 21 = -r. What is the units digi